Determine p(w).
6
Let v(m) be the first derivative of m**3/3 - 4*m**2 - 7*m - 77. Give v(8).
-7
Let h(k) = -k + 2. Suppose 10*y - 30 = 5*y. Suppose 0 = 2*r - 0*r - y. Suppose r = -5*u + 8. Determine h(u).
1
Let o(d) = -1 + 3*d + 1. Let k be o(1). Let y be k/9 - (-16)/(-3). Let r(j) = j + 3. Determine r(y).
-2
Let z(i) = i**3 + 3*i**2 - 4*i + 1. Suppose 2 = -w - 2. Let n = w - 0. Calculate z(n).
1
Let m(p) = 3*p - 4. Suppose 4*y = -3*h - 21, y + 2*y + 2*h + 15 = 0. Determine m(y).
-13
Let i be ((-18)/(-27))/2 - 16/(-6). Let v(t) = -t**3 + 4*t**2 - 2*t - 2. Give v(i).
1
Suppose -3 + 8 = 5*h. Let x(y) = -3 - 17*y + 2 + 9*y - 7*y. Give x(h).
-16
Suppose 2*p - 3 = 7. Let x(c) be the second derivative of c**4/12 - c**3 - c**2/2 + 8*c. Give x(p).
-6
Let s(q) = q - 1. Let w be (2 - (-9)/(-1)) + 3. Determine s(w).
-5
Let o(j) = 5*j**3 + 15*j**2 + 9*j - 8. Let s(m) = 2*m**3 + 7*m**2 + 4*m - 4. Let y(u) = 3*o(u) - 7*s(u). What is y(4)?
0
Let u(j) = j + 5. Let w(c) = 2*c - 3. Let n be w(3). Let y = 3 - n. What is u(y)?
5
Let z(d) be the second derivative of d**3/6 - d**2 + 5*d. Let l be -8 - 0/2 - -2. What is z(l)?
-8
Let j be (-81)/6*2/(-3). Let m(z) = -9*z**2 - 6 + 2*z**3 + j*z + 0*z**3 - z**3. Give m(8).
2
Suppose -7 = -9*v - 7. Let t(k) = -k**3 + k**2 - k + 2. Give t(v).
2
Let n(s) be the first derivative of -2*s**2 + 2*s - 9. What is n(2)?
-6
Let n(r) = -2*r + 1. Let c be n(2). Let o = 5 + c. Suppose -3 = o*m - 7. Let f(a) = 3*a**2 - a - 2. Give f(m).
8
Let l(z) = 15*z**2 - 5*z + 7. Let k(i) = -7*i**2 + 2*i - 3. Let h(r) = -7*k(r) - 3*l(r). Calculate h(-1).
3
Let i(k) be the second derivative of -k**5/20 - 5*k**4/12 + k**3 + 2*k**2 - 4*k. Suppose 3*g = -g - 24. Determine i(g).
4
Let l = 0 - -4. Let y(d) = 2*d - 5*d**2 + l*d**2 + 0*d**2. Let q(b) = -2*b. Let m be q(-2). Determine y(m).
-8
Suppose -4*r = -5*r, 0 = 4*b - r + 16. Suppose q + 18 = 4*q. Let s(g) = -5 - q*g + 3*g**2 + 4 + 3*g**2 - 7*g**2. Calculate s(b).
7
Let d(s) = -s**2 - 8*s - 3. Suppose 18*n + 7 = 17*n. Determine d(n).
4
Let x(a) be the third derivative of a**6/20 - a**5/60 + a**4/24 - a**3/6 + 11*a**2. Let p be (3/6)/(2/4). Give x(p).
5
Let t(v) be the first derivative of -v**4/4 + 4*v**3/3 + 3*v + 4. Give t(4).
3
Let v(l) be the third derivative of -l**5/60 + 3*l**3/2 + 6*l**2. Suppose -5*t - 4*g + 11 = -8, -8 = -2*t - 2*g. Let n be t/(-15) - (-2)/10. Give v(n).
9
Let r(i) = 0*i**2 + 0*i**2 - i**3 + 7 + i. Suppose -3*s = -2*s - 0*s. Give r(s).
7
Let i(t) = -3*t + 5*t - t + 2 - 3*t. Calculate i(4).
-6
Let j(k) = -13*k**2 + 2*k - 3. Let z(v) = -27*v**2 + 5*v - 7. Let y(a) = -7*j(a) + 3*z(a). What is y(-1)?
9
Let o(t) = t**3 - 5*t**2 + 5*t - 2. Let k(b) = 4*b**3 - 19*b**2 + 19*b - 9. Let j(f) = 2*k(f) - 9*o(f). Give j(6).
-6
Let f be (-16)/28 - (-72)/28. Let j(w) be the second derivative of -f*w + 1/3*w**3 + 0 + 1/12*w**4 + 2*w**2. Give j(-3).
7
Let d(r) = -r**3 + r**2 + r + 4. Let m be ((-12)/(-4) - 3)/2. What is d(m)?
4
Let p(u) = u**2 + 1. Let f be p(-1). Let z be (-7)/2 + f/(-4). Let a = 7 + z. Let x(q) = -q - 1. What is x(a)?
-4
Suppose 2*x - 11 = -p, 0*p - p - 19 = -4*x. Let a(w) = -5*w**2. Give a(p).
-5
Suppose x + 5*o + 7 = -3, -o - 1 = 0. Let d(w) be the third derivative of w**6/120 + w**5/10 + 7*w**4/24 - w**3/6 + 74*w**2. Determine d(x).
-11
Let r(i) be the first derivative of -i**4/4 - 7*i**3/3 - 4*i**2 + 4*i - 30. Give r(-6).
16
Let i be (6/(-5))/((-15)/100). Let q(m) = -i + 8*m - 5*m**2 + 3*m**2 - 5*m**2 + 1 + m**3. Give q(6).
5
Suppose -2*c - 3*c - 4*m = 1, -4*c - m + 8 = 0. Suppose -h + c*h = 4. Let i(x) be the second derivative of x**3/6 - x**2/2 - x. Determine i(h).
1
Let y = 4 + -8. Let g(v) be the second derivative of -v**5/20 - v**4/2 - 5*v**3/6 + 3*v**2/2 + 2*v. Determine g(y).
-9
Let b(f) be the third derivative of 0*f - 1/60*f**5 + 1/6*f**3 + 1/6*f**4 + 0 + 2*f**2. Let c(u) = -5*u**3 + u**2 + 2*u + 1. Let h be c(-1). What is b(h)?
-4
Let u(c) = -c**2 - 3*c - 3. Let k = -20 + 33. Let o = k - 19. Let x be o/(6*(-3)/(-12)). Give u(x).
-7
Let c(r) = r - 4. Let z = -18 + 18. Give c(z).
-4
Let s(i) be the first derivative of -3*i**2/2 - 4*i - 18. Calculate s(4).
-16
Let f(c) = 4. Let t(y) = -1. Let h(v) = -f(v) - 6*t(v). Let u(q) = q - 1. Let p(n) = n - 2. Let i be p(6). Let m(x) = i*u(x) + 3*h(x). Give m(-2).
-6
Let h be (-6 + 7)*(-3 + 1). Let w(p) = 2*p**3 + 2*p**2 - p. What is w(h)?
-6
Let f(d) = d**3 + 5*d**2 + 2*d - 3. Let c be f(-4). Let s(i) = -2*i**3 - 4*i**2 - 5*i - 3. Let o(p) = p**3 - 1. Let a(y) = -3*o(y) - s(y). What is a(c)?
6
Let k(z) = -z**2 + 14*z - 29. Let t be k(11). Let n(d) = -d**2 + d + 2. What is n(t)?
-10
Let t(i) = 3*i**2 - i - 9. Let d be t(0). Let v(q) = -q**2 - 8*q + 5. Determine v(d).
-4
Let q = -84 + 89. Let r(n) = -n**3 + 4*n**2 + 6*n - 6. What is r(q)?
-1
Suppose 0 = -5*v - 5*i, -7 = 5*i + 13. Suppose v*r - 8 = -0*r. Let y(x) = 2 + x**2 + x**3 + 0*x - 2*x - 5*x**r - 3*x. What is y(5)?
2
Let o(q) = q + 258*q**3 - 6*q**2 - 5 + 257*q**3 - 514*q**3. Let m = 5 + 1. Determine o(m).
1
Let z(s) be the first derivative of 9/2*s**2 - 4/3*s**3 - 9*s - 3 - 1/4*s**4. Let v(d) = -3*d**3 - 7*d**2 + 19*d - 19. Let u(c) = 2*v(c) - 5*z(c). What is u(5)?
-3
Let x(l) be the second derivative of -2*l**3/3 - 2*l**2 + 11*l. Let i(m) = 3*m. Let u be i(-1). What is x(u)?
8
Let v(x) = -x**3 - x**2. Let f be 1/(-1 + 6/4). Determine v(f).
-12
Suppose 4*c + 3 = c. Suppose -3*f + 4*j = -8, -4*f + 4*j = j - 13. Let k(u) = -2*u + f*u**2 - 2 + 3*u**2 + 1. Give k(c).
8
Let m be (-6 - 0) + 1 + 0. Let p(w) = -3 + w**2 + 5*w + 0 - 1 - 1. Calculate p(m).
-5
Let m(t) = 3*t**3 - 2*t**3 + 30*t - 27*t + 5 - 6*t**2 - t**2. Give m(6).
-13
Let b(l) be the third derivative of -3*l**6/40 + l**5/30 + l**4/24 + 5*l**2. Determine b(-1).
10
Let y(d) = -d**3 - 2*d**2 + d + 2. Let t be y(-2). Suppose t*m + 2 = 5*o - 3*m, 4*m = 5*o - 6. Let a be 2/(3 + 1 + o). Let z(f) = -10*f**2. What is z(a)?
-10
Let h(j) = -2*j**3 - 2*j**2 + 2*j + 2. Let z be (-3 + (-26)/(-10))*(-4 + 9). Give h(z).
6
Let v = -91 + 82. Let o(b) = b**2 + 8*b - 3. Give o(v).
6
Let f(z) = 7*z**3 - z**3 - 5*z + 6*z. Calculate f(1).
7
Let v = 4 - 1. Suppose -b = v*b - 44. Let r(l) = -l**3 - 3*l**2 - 5*l + 3. Let s(c) = -6*c**3 - 15*c**2 - 24*c + 14. Let j(x) = b*r(x) - 2*s(x). Determine j(4).
-7
Let m(f) = 2*f**3 - f. Let d(z) = -z**3 + z**2 + z + 3. Let c be d(0). Suppose p - c = 4*p. Determine m(p).
-1
Suppose -2*m + 6 = 4*x, 4 + 3 = -2*x - 3*m. Let u(i) = -4*i - 2*i + 8*i + 4 - i**2. Give u(x).
-4
Let d(t) be the third derivative of -t**5/60 - t**4/12 - t**3/6 + t**2 + 19*t. Determine d(-2).
-1
Let i(w) = -3 + 4 + 1 + w - 3. Give i(-3).
-4
Let j(p) = -p**2 - 3*p + 4. Suppose -4*v + 2*q - 4 = 6, 2*v + 5*q = -23. Determine j(v).
0
Let f(k) = k**3 - k**2 - 2*k. Let a be (2/(-8))/(-1) + 90/(-40). Give f(a).
-8
Suppose -2*k + 7*k - 10 = 0. Let v(b) = 0*b**2 + b**k - 2*b + 0*b - 4 - 2*b. Determine v(4).
-4
Let y(r) = 9*r**3 - 8*r**2 - 5*r - 9. Let l(c) = -4*c**3 + 4*c**2 + 3*c + 4. Let u(z) = 7*l(z) + 3*y(z). Determine u(5).
6
Let w be 10/(-3)*(-12)/10. Let s(j) = j**2 - 2*j - 3. Calculate s(w).
5
Suppose -2*x + 4*x + 8 = 0. Let a(i) be the third derivative of 1/2*i**3 - 1/12*i**4 + 0 - 2*i**2 - 1/12*i**5 + 0*i - 1/120*i**6. Calculate a(x).
-5
Let v(g) be the second derivative of -2*g**3/3 + 5*g**2/2 - 19*g + 2. What is v(4)?
-11
Suppose 5 = -5*m - 5. Let y(z) = -2*z**3 + 2*z**2 + 3*z + 1. Let t(u) = -3*u**3 + 4*u**2 + 5*u + 1. Let o(s) = -3*t(s) + 5*y(s). Give o(m).
2
Let j = -13 - -18. Let a(x) = -5 + 0*x + x**2 - j + 1 + x. Calculate a(0).
-9
Let a(g) = 0 - 7 + 7 + g. What is a(4)?
4
Let q(l) = -7*l**2 + 2*l - 11. Let f(p) = -15*p**2 + 5*p - 23. Let x(k) = 6*f(k) - 13*q(k). Give x(-4).
5
Let l(m) = 4*m + 4*m**2 - 3*m + 3*m**2 - 2*m. Give l(-1).
8
Let r be -1*4/(-3 - -2). Suppose r*z + 3 = 5*z. Let m(h) = 0*h**2 - z + 3*h**2 - 4*h**2. Give m(3).
-12
Let u = -16 - -19. Let p(g) = -1 + 6*g - 2*g - 1 - 2*g**2. Calculate p(u).
-8
Suppose 4*y = -18 - 10. Let p be 2/(-7) + (-30)/y. Let c(u) = -u + 1. Let s(m) = -3*m + 2. Let f(w) = -5*c(w) + 2*s(w). Calculate f(p).
-5
Let y be 12/(-18) + 16/6. Let c(v) = 2*v**2 - 2*v - 1. What is c(y)?
3
Let a(o) = -2*o - 1. Let d = 2 - 5. Determine a(d).
5
Suppose 2 = -l + 3*l. Let t(p) = -1 + 